870?
7
What is the hundreds digit of 620145?
1
What is the thousands digit of 66435?
6
What is the thousands digit of 877975?
7
What is the millions digit of 1490274?
1
What is the hundred thousands digit of 362563?
3
What is the hundreds digit of 1138644?
6
What is the ten thousands digit of 3830505?
3
What is the thousands digit of 111607?
1
What is the units digit of 3548378?
8
What is the hundred thousands digit of 1432559?
4
What is the ten thousands digit of 1163582?
6
What is the hundreds digit of 1212608?
6
What is the ten thousands digit of 831704?
3
What is the ten thousands digit of 11534043?
3
What is the hundred thousands digit of 4566742?
5
What is the ten thousands digit of 10039?
1
What is the hundreds digit of 58982?
9
What is the units digit of 397809?
9
What is the thousands digit of 3100651?
0
What is the hundred thousands digit of 3805919?
8
What is the millions digit of 8084291?
8
What is the units digit of 1363278?
8
What is the thousands digit of 20239589?
9
What is the ten thousands digit of 590936?
9
What is the thousands digit of 16052149?
2
What is the hundred thousands digit of 702013?
7
What is the thousands digit of 9842461?
2
What is the thousands digit of 790928?
0
What is the tens digit of 10248673?
7
What is the thousands digit of 521923?
1
What is the ten thousands digit of 7707633?
0
What is the thousands digit of 11855131?
5
What is the hundred thousands digit of 343937?
3
What is the thousands digit of 91150?
1
What is the tens digit of 29832379?
7
What is the hundred thousands digit of 8539010?
5
What is the hundred thousands digit of 103508?
1
What is the units digit of 4996758?
8
What is the thousands digit of 6153699?
3
What is the ten millions digit of 29584185?
2
What is the ten thousands digit of 4544890?
4
What is the tens digit of 8410450?
5
What is the thousands digit of 12802402?
2
What is the tens digit of 29729?
2
What is the thousands digit of 13040611?
0
What is the thousands digit of 489666?
9
What is the units digit of 524582?
2
What is the hundreds digit of 5384805?
8
What is the ten thousands digit of 365325?
6
What is the ten thousands digit of 90608?
9
What is the tens digit of 269451?
5
What is the hundred thousands digit of 2413717?
4
What is the units digit of 94144?
4
What is the tens digit of 35696?
9
What is the tens digit of 810041?
4
What is the ten thousands digit of 19454596?
5
What is the units digit of 1189507?
7
What is the hundred thousands digit of 4622905?
6
What is the tens digit of 4013179?
7
What is the thousands digit of 8959043?
9
What is the tens digit of 162012?
1
What is the tens digit of 1346483?
8
What is the millions digit of 18832201?
8
What is the units digit of 350597?
7
What is the hundreds digit of 2783135?
1
What is the units digit of 89651?
1
What is the ten millions digit of 24292399?
2
What is the units digit of 1479656?
6
What is the units digit of 2798464?
4
What is the hundred thousands digit of 1196161?
1
What is the units digit of 1001323?
3
What is the millions digit of 2338614?
2
What is the units digit of 481508?
8
What is the units digit of 6227206?
6
What is the ten thousands digit of 101453?
0
What is the thousands digit of 1294915?
4
What is the tens digit of 7820411?
1
What is the thousands digit of 556445?
6
What is the tens digit of 214525?
2
What is the units digit of 931132?
2
What is the hundred thousands digit of 699720?
6
What is the ten thousands digit of 9357605?
5
What is the units digit of 439277?
7
What is the thousands digit of 9825083?
5
What is the units digit of 3242494?
4
What is the units digit of 971050?
0
What is the tens digit of 132275?
7
What is the thousands digit of 286653?
6
What is the tens digit of 232050?
5
What is the thousands digit of 1881318?
1
What is the thousands digit of 1629508?
9
What is the units digit of 10228953?
3
What is the tens digit of 1013016?
1
What is the thousands digit of 94078?
4
What is the ten millions digit of 16450480?
1
What is the thousands digit of 3197429?
7
What is the ten thousands digit of 1315357?
1
What is the hundreds digit of 6368588?
5
What is the ten thousands digit of 966728?
6
What is the thousands digit of 370124?
0
What is the millions digit of 2186574?
2
What is the units digit of 327366?
6
What is the millions digit of 1838233?
1
What is the thousands digit of 169221?
9
What is the hundreds digit of 5429862?
8
What is the thousands digit of 443722?
3
What is the tens digit of 7694279?
7
What is the units digit of 413945?
5
What is the tens digit of 1505315?
1
What is the hundreds digit of 245784?
7
What is the thousands digit of 10208117?
8
What is the units digit of 11226367?
7
What is the tens digit of 3844446?
4
What is the ten thousands digit of 1575430?
7
What is the hundred thousands digit of 3218490?
2
What is the thousands digit of 948694?
8
What is the hundreds digit of 3025577?
5
What is the units digit of 15840601?
1
What is the units digit of 19162111?
1
What is the thousands digit of 19422005?
2
What is the tens digit of 34874929?
2
What is the units digit of 4075081?
1
What is the hundred thousands digit of 16323432?
3
What is the thousands digit of 674398?
4
What is the units digit of 90172?
2
What is the ten thousands digit of 736215?
3
What is the thousands digit of 172360?
2
What is the units digit of 274745?
5
What is the tens digit of 749723?
2
What is the ten thousands digit of 37512509?
1
What is the tens digit of 610483?
8
What is the hundred thousands digit of 3457464?
4
What is the hundred thousands digit of 6014151?
0
What is the hundreds digit of 4382221?
2
What is the units digit of 34841?
1
What is the hundreds digit of 4784777?
7
What is the units digit of 232525?
5
What is the tens digit of 69252?
5
What is the millions digit of 1104644?
1
What is the millions digit of 11073323?
1
What is the units digit of 1486845?
5
What is the units digit of 1348922?
2
What is the units digit of 711948?
8
What is the ten thousands digit of 10697703?
9
What is the hundred thousands digit of 970003?
9
What is the units digit of 22733969?
9
What is the tens digit of 7310227?
2
What is the millions digit of 12033732?
2
What is the hundred thousands digit of 943996?
9
What is the hundreds digit of 8824031?
0
What is the tens digit of 8536488?
8
What is the hundred thousands digit of 458231?
4
What is the hundred thousands digit of 20247013?
2
What is the thousands digit of 8671359?
1
What is the hundred thousands digit of 7122689?
1
What is the millions digit of 6570206?
6
What is the thousands digit of 11599891?
9
What is the units digit of 218757?
7
What is the units digit of 588686?
6
What is the hundreds digit of 5077955?
9
What is the hundred thousands digit of 1530090?
5
What is the tens digit of 194558?
5
What is the tens digit of 1703909?
0
What is the tens digit of 9002631?
3
What is the ten thousands digit of 325233?
2
What is the millions digit of 4417491?
4
What is the hundreds digit of 134508?
5
What is the hundreds digit of 212856?
8
What is the ten thousands digit of 15529549?
2
What is the hundred thousands digit of 379138?
3
What is the thousands digit of 4037423?
7
What is the tens digit of 3417448?
4
What is the tens digit of 612757?
5
What is the millions digit of 14531529?
4
What is the ten thousands digit of 5853701?
5
What is the tens digit of 3316712?
1
What is the thousands digit of 212128?
2
What is the hundreds digit of 1498852?
8
What is the hundred thousands digit of 593205?
5
What is the hundred thousands digit of 814354?
8
What is the hundred thousands digit of 270837?
2
What is the ten thousands digit of 1396265?
9
What is the thousands digit of 10653?
0
What is the ten thousands digit of 104373?
0
What is the units digit of 73100?
0
What is the tens digit of 298751?
5
What is the thousands digit of 116010?
6
What is the ten thousands digit of 888362?
8
What is the thousands digit of 3406337?
6
What is the millions digit of 2070453?
2
What is the millions digit of 1142162?
1
What is the thousands digit of 667523?
7
What is the tens digit of 393679?
7
What is the tens digit of 3919019?
1
What is the hundreds digit of 1629412?
4
What is the thousands digit of 394377?
4
What is the units digit of 28606?
6
What is the